{"id":837,"date":"2024-09-08T12:39:00","date_gmt":"2024-09-08T10:39:00","guid":{"rendered":"https:\/\/medbeton.ma\/site\/?page_id=837"},"modified":"2024-11-19T12:45:02","modified_gmt":"2024-11-19T11:45:02","slug":"products","status":"publish","type":"page","link":"https:\/\/medbeton.ma\/site\/products\/","title":{"rendered":"Produits"},"content":{"rendered":"\t\t<div data-elementor-type=\"wp-page\" data-elementor-id=\"837\" class=\"elementor elementor-837\">\n\t\t\t\t\t\t<section class=\"elementor-section elementor-top-section elementor-element elementor-element-4badbcdc scheme_default elementor-section-boxed elementor-section-height-default elementor-section-height-default sc_gradient_animation_none sc_fly_static\" data-id=\"4badbcdc\" data-element_type=\"section\" data-e-type=\"section\" data-settings=\"{&quot;background_background&quot;:&quot;gradient&quot;}\">\n\t\t\t\t\t\t<div class=\"elementor-container elementor-column-gap-extended\">\n\t\t\t\t\t<div class=\"elementor-column elementor-col-100 elementor-top-column elementor-element elementor-element-477d881a sc_content_align_inherit sc_layouts_column_icons_position_left sc_fly_static\" data-id=\"477d881a\" data-element_type=\"column\" data-e-type=\"column\">\n\t\t\t<div class=\"elementor-widget-wrap elementor-element-populated\">\n\t\t\t\t\t\t<div class=\"elementor-element elementor-element-23add515 sc_height_huge sc_fly_static elementor-widget elementor-widget-spacer\" data-id=\"23add515\" data-element_type=\"widget\" data-e-type=\"widget\" data-widget_type=\"spacer.default\">\n\t\t\t\t<div class=\"elementor-widget-container\">\n\t\t\t\t\t\t\t<div class=\"elementor-spacer\">\n\t\t\t<div class=\"elementor-spacer-inner\"><\/div>\n\t\t<\/div>\n\t\t\t\t\t\t<\/div>\n\t\t\t\t<\/div>\n\t\t\t\t<div class=\"elementor-element elementor-element-82663b7 sc_layouts_hide_on_notebook sc_layouts_hide_on_tablet sc_layouts_hide_on_mobile sc_fly_static elementor-widget elementor-widget-spacer\" data-id=\"82663b7\" data-element_type=\"widget\" data-e-type=\"widget\" data-widget_type=\"spacer.default\">\n\t\t\t\t<div class=\"elementor-widget-container\">\n\t\t\t\t\t\t\t<div class=\"elementor-spacer\">\n\t\t\t<div class=\"elementor-spacer-inner\"><\/div>\n\t\t<\/div>\n\t\t\t\t\t\t<\/div>\n\t\t\t\t<\/div>\n\t\t\t\t<section class=\"elementor-section elementor-inner-section elementor-element elementor-element-4857a907 elementor-section-boxed elementor-section-height-default elementor-section-height-default sc_fly_static\" data-id=\"4857a907\" data-element_type=\"section\" data-e-type=\"section\" data-settings=\"{&quot;background_background&quot;:&quot;classic&quot;}\">\n\t\t\t\t\t\t<div class=\"elementor-container elementor-column-gap-no\">\n\t\t\t\t\t<div class=\"elementor-column elementor-col-50 elementor-inner-column elementor-element elementor-element-77b05b43 sc_content_align_inherit sc_layouts_column_icons_position_left sc_fly_static\" data-id=\"77b05b43\" data-element_type=\"column\" data-e-type=\"column\">\n\t\t\t<div class=\"elementor-widget-wrap elementor-element-populated\">\n\t\t\t\t\t\t<div class=\"elementor-element elementor-element-5deadc7f sc_fly_static elementor-widget elementor-widget-trx_sc_title\" data-id=\"5deadc7f\" data-element_type=\"widget\" data-e-type=\"widget\" data-widget_type=\"trx_sc_title.default\">\n\t\t\t\t<div class=\"elementor-widget-container\">\n\t\t\t\t\t<div\t\tclass=\"sc_title sc_title_default\" ><span class=\"sc_item_subtitle sc_title_subtitle sc_item_subtitle_above sc_item_title_style_default\">Innovations<\/span><h1 class=\"sc_item_title sc_title_title sc_item_title_style_default sc_item_title_tag\"\n\t\t\t><span class=\"sc_item_title_text\">Nos Produits<\/span><\/h1><\/div>\t\t\t\t<\/div>\n\t\t\t\t<\/div>\n\t\t\t\t\t<\/div>\n\t\t<\/div>\n\t\t\t\t<div class=\"elementor-column elementor-col-50 elementor-inner-column elementor-element elementor-element-338fd107 sc_content_align_inherit sc_layouts_column_icons_position_left sc_fly_static\" data-id=\"338fd107\" data-element_type=\"column\" data-e-type=\"column\">\n\t\t\t<div class=\"elementor-widget-wrap elementor-element-populated\">\n\t\t\t\t\t\t<div class=\"elementor-element elementor-element-1ecb91e sc_fly_static elementor-widget elementor-widget-spacer\" data-id=\"1ecb91e\" data-element_type=\"widget\" data-e-type=\"widget\" data-widget_type=\"spacer.default\">\n\t\t\t\t<div class=\"elementor-widget-container\">\n\t\t\t\t\t\t\t<div class=\"elementor-spacer\">\n\t\t\t<div class=\"elementor-spacer-inner\"><\/div>\n\t\t<\/div>\n\t\t\t\t\t\t<\/div>\n\t\t\t\t<\/div>\n\t\t\t\t<div class=\"elementor-element elementor-element-1f0229d7 sc_fly_static elementor-widget elementor-widget-text-editor\" data-id=\"1f0229d7\" data-element_type=\"widget\" data-e-type=\"widget\" data-widget_type=\"text-editor.default\">\n\t\t\t\t<div class=\"elementor-widget-container\">\n\t\t\t\t\t\t\t\t\t<p>la M\u00e9diterran\u00e9enne du B\u00e9ton produit et commercialise des tuyaux en b\u00e9ton arm\u00e9s pour les r\u00e9seaux d&rsquo;assainissement et \u00e9vacuation des eaux pluviales, des regards de visites ainsi que des cadres pr\u00e9fabriqu\u00e9s.<\/p>\t\t\t\t\t\t\t\t<\/div>\n\t\t\t\t<\/div>\n\t\t\t\t\t<\/div>\n\t\t<\/div>\n\t\t\t\t\t<\/div>\n\t\t<\/section>\n\t\t\t\t<section class=\"elementor-section elementor-inner-section elementor-element elementor-element-47578b57 elementor-section-boxed elementor-section-height-default elementor-section-height-default sc_fly_static\" data-id=\"47578b57\" data-element_type=\"section\" data-e-type=\"section\">\n\t\t\t\t\t\t<div class=\"elementor-container elementor-column-gap-no\">\n\t\t\t\t\t<div class=\"elementor-column elementor-col-100 elementor-inner-column elementor-element elementor-element-1f7b92bb sc_content_align_inherit sc_layouts_column_icons_position_left sc_fly_static\" data-id=\"1f7b92bb\" data-element_type=\"column\" data-e-type=\"column\">\n\t\t\t<div class=\"elementor-widget-wrap elementor-element-populated\">\n\t\t\t\t\t\t<div class=\"elementor-element elementor-element-5b6cd911 sc_height_small sc_fly_static elementor-widget elementor-widget-spacer\" data-id=\"5b6cd911\" data-element_type=\"widget\" data-e-type=\"widget\" data-widget_type=\"spacer.default\">\n\t\t\t\t<div class=\"elementor-widget-container\">\n\t\t\t\t\t\t\t<div class=\"elementor-spacer\">\n\t\t\t<div class=\"elementor-spacer-inner\"><\/div>\n\t\t<\/div>\n\t\t\t\t\t\t<\/div>\n\t\t\t\t<\/div>\n\t\t\t\t\t<\/div>\n\t\t<\/div>\n\t\t\t\t\t<\/div>\n\t\t<\/section>\n\t\t\t\t<section class=\"elementor-section elementor-inner-section elementor-element elementor-element-18e7f33b elementor-section-boxed elementor-section-height-default elementor-section-height-default sc_fly_static\" data-id=\"18e7f33b\" data-element_type=\"section\" data-e-type=\"section\" data-settings=\"{&quot;background_background&quot;:&quot;classic&quot;}\">\n\t\t\t\t\t\t<div class=\"elementor-container elementor-column-gap-no\">\n\t\t\t\t\t<div class=\"elementor-column elementor-col-100 elementor-inner-column elementor-element elementor-element-4a94802d sc_content_align_inherit sc_layouts_column_icons_position_left sc_fly_static\" data-id=\"4a94802d\" data-element_type=\"column\" data-e-type=\"column\" data-settings=\"{&quot;background_background&quot;:&quot;classic&quot;}\">\n\t\t\t<div class=\"elementor-widget-wrap elementor-element-populated\">\n\t\t\t\t\t\t<div class=\"elementor-element elementor-element-76f030ee sc_fly_static elementor-widget elementor-widget-trx_sc_services\" data-id=\"76f030ee\" data-element_type=\"widget\" data-e-type=\"widget\" data-widget_type=\"trx_sc_services.default\">\n\t\t\t\t<div class=\"elementor-widget-container\">\n\t\t\t\t\t<div class=\"sc_services sc_services_strong sc_services_featured_top\"><div  class=\"sc_services_slider sc_item_slider slider_swiper_outer slider_outer slider_outer_nocontrols slider_outer_nopagination slider_outer_nocentered slider_outer_overflow_visible slider_outer_multi\">\n\t<div  data-slides-per-view-breakpoints=\"{&quot;999999&quot;:2}\" data-slides-space-breakpoints=\"{&quot;999999&quot;:30}\" data-slides-min-width-breakpoints=\"{&quot;999999&quot;:200}\" class=\"slider_container swiper-slider-container slider_swiper slider_noresize slider_nocontrols slider_nopagination slider_nocentered slider_overflow_visible slider_multi\" data-slides-per-view=\"2\" data-slides-space=\"30\" data-effect=\"slide\" data-slides-min-width=\"200\" data-pagination=\"bullets\" data-direction=\"horizontal\" data-mouse-wheel=\"0\" data-autoplay=\"1\" data-loop=\"1\" data-free-mode=\"0\" data-slides-centered=\"0\" data-slides-overflow=\"1\">\n\t\t<div class=\"slides slider-wrapper swiper-wrapper sc_item_columns_2\"><div class=\"slider-slide swiper-slide\"><div data-post-id=\"3923\" class=\"sc_services_item sc_item_container post_container with_content with_image with_number post-3923 cpt_services type-cpt_services status-publish has-post-thumbnail hentry cpt_services_group-products\">\r\n\t\t<div class=\"sc_services_item_content \" style=\"background-image: url(https:\/\/medbeton.ma\/site\/wp-content\/uploads\/2023\/02\/produit-1-840x840.jpg);\">\r\n\t\t\t\t<div class=\"sc_services_item_content_inner\"><div class=\"sc_services_item_content_inner_top\"><span class=\"sc_services_item_number\">01.<\/span><\/div><div class=\"sc_services_item_content_inner_bottom\">\r\n                <h6 class=\"sc_services_item_title\"><a href=\"https:\/\/medbeton.ma\/site\/services\/tuyaux-en-beton-arme\/\">Tuyaux en b\u00e9ton arm\u00e9<\/a><\/h6>\r\n                <div class=\"sc_services_item_text\"><p>R\u00e9sistants, ind\u00e9formables, p\u00e9rennes et recyclables. La p\u00e9rennit\u00e9 d&rsquo;un r\u00e9seau est d\u00e9termin\u00e9e par la r\u00e9sistance et la long\u00e9vit\u00e9 du mat\u00e9riau s\u00e9lectionn\u00e9 associ\u00e9 \u00e0 une pose de qualit\u00e9. Expert reconnu en pr\u00e9fabrication&hellip;<\/p>\n<\/div><\/div><\/div><a class=\"sc_services_item_link\" href=\"https:\/\/medbeton.ma\/site\/services\/tuyaux-en-beton-arme\/\"><\/a><\/div><\/div><\/div><div class=\"slider-slide swiper-slide\"><div data-post-id=\"7282\" class=\"sc_services_item sc_item_container post_container with_content with_image with_number post-7282 cpt_services type-cpt_services status-publish has-post-thumbnail hentry cpt_services_group-products\">\r\n\t\t<div class=\"sc_services_item_content \" style=\"background-image: url(https:\/\/medbeton.ma\/site\/wp-content\/uploads\/2023\/02\/produit-2-840x840.jpg);\">\r\n\t\t\t\t<div class=\"sc_services_item_content_inner\"><div class=\"sc_services_item_content_inner_top\"><span class=\"sc_services_item_number\">02.<\/span><\/div><div class=\"sc_services_item_content_inner_bottom\">\r\n                <h6 class=\"sc_services_item_title\"><a href=\"https:\/\/medbeton.ma\/site\/services\/cadres-en-beton-dalots\/\">Cadres en b\u00e9ton \/ Dalots<\/a><\/h6>\r\n                <div class=\"sc_services_item_text\"><p>Innovants, performants, durables, s\u00fbrs, \u00e9conomiques et optimis\u00e9s. Les cadres en b\u00e9tons ou dalots sont des ouvrages de g\u00e9nie civil en b\u00e9ton pr\u00e9fabriqu\u00e9 pouvant \u00eatre utilis\u00e9s aussi bien pour l\u2019assainissement, l\u2019\u00e9coulement&hellip;<\/p>\n<\/div><\/div><\/div><a class=\"sc_services_item_link\" href=\"https:\/\/medbeton.ma\/site\/services\/cadres-en-beton-dalots\/\"><\/a><\/div><\/div><\/div><div class=\"slider-slide swiper-slide\"><div data-post-id=\"7283\" class=\"sc_services_item sc_item_container post_container with_content with_image with_number post-7283 cpt_services type-cpt_services status-publish has-post-thumbnail hentry cpt_services_group-products\">\r\n\t\t<div class=\"sc_services_item_content \" style=\"background-image: url(https:\/\/medbeton.ma\/site\/wp-content\/uploads\/2024\/11\/produit-4-840x840.jpg);\">\r\n\t\t\t\t<div class=\"sc_services_item_content_inner\"><div class=\"sc_services_item_content_inner_top\"><span class=\"sc_services_item_number\">03.<\/span><\/div><div class=\"sc_services_item_content_inner_bottom\">\r\n                <h6 class=\"sc_services_item_title\"><a href=\"https:\/\/medbeton.ma\/site\/services\/regards-de-visite-tuyaux-regards\/\">Regards de visite &amp; Tuyaux-regards<\/a><\/h6>\r\n                <div class=\"sc_services_item_text\"><p>Efficaces, \u00e9conomiques et de qualit\u00e9 maitris\u00e9e. La M\u00e9diterran\u00e9enne du B\u00e9ton propose une offre globale et pertinente.Nos solutions permettent la construction des collecteurs et ouvrages indispensables \u00e0 la pr\u00e9servation de nos&hellip;<\/p>\n<\/div><\/div><\/div><a class=\"sc_services_item_link\" href=\"https:\/\/medbeton.ma\/site\/services\/regards-de-visite-tuyaux-regards\/\"><\/a><\/div><\/div><\/div><div class=\"slider-slide swiper-slide\"><div data-post-id=\"7281\" class=\"sc_services_item sc_item_container post_container with_content with_image with_number post-7281 cpt_services type-cpt_services status-publish has-post-thumbnail hentry cpt_services_group-products\">\r\n\t\t<div class=\"sc_services_item_content \" style=\"background-image: url(https:\/\/medbeton.ma\/site\/wp-content\/uploads\/2024\/11\/produit-3-840x840.jpg);\">\r\n\t\t\t\t<div class=\"sc_services_item_content_inner\"><div class=\"sc_services_item_content_inner_top\"><span class=\"sc_services_item_number\">04.<\/span><\/div><div class=\"sc_services_item_content_inner_bottom\">\r\n                <h6 class=\"sc_services_item_title\"><a href=\"https:\/\/medbeton.ma\/site\/services\/tuyaux-de-foncage\/\">Tuyaux de Fon\u00e7age<\/a><\/h6>\r\n                <div class=\"sc_services_item_text\"><p>Robustes et fiables, con\u00e7us pour des performances maximales. La pose classique de tuyaux en tranch\u00e9e ouverte s&rsquo;av\u00e8re dans certains cas impossible \u00e0 r\u00e9aliser en raison des g\u00eanes inacceptables qu&rsquo;elle occasionnerait&hellip;<\/p>\n<\/div><\/div><\/div><a class=\"sc_services_item_link\" href=\"https:\/\/medbeton.ma\/site\/services\/tuyaux-de-foncage\/\"><\/a><\/div><\/div><\/div><\/div><\/div><\/div><\/div>\t\t\t\t<\/div>\n\t\t\t\t<\/div>\n\t\t\t\t\t<\/div>\n\t\t<\/div>\n\t\t\t\t\t<\/div>\n\t\t<\/section>\n\t\t\t\t\t<\/div>\n\t\t<\/div>\n\t\t\t\t\t<\/div>\n\t\t<\/section>\n\t\t\t\t<section class=\"elementor-section elementor-top-section elementor-element elementor-element-5bba392 elementor-section-boxed elementor-section-height-default elementor-section-height-default sc_fly_static\" data-id=\"5bba392\" data-element_type=\"section\" data-e-type=\"section\">\n\t\t\t\t\t\t<div class=\"elementor-container elementor-column-gap-extended\">\n\t\t\t\t\t<div class=\"elementor-column elementor-col-100 elementor-top-column elementor-element elementor-element-0b0fd80 sc_content_align_inherit sc_layouts_column_icons_position_left sc_fly_static\" data-id=\"0b0fd80\" data-element_type=\"column\" data-e-type=\"column\">\n\t\t\t<div class=\"elementor-widget-wrap elementor-element-populated\">\n\t\t\t\t\t\t<div class=\"elementor-element elementor-element-c8e3634 sc_height_huge sc_fly_static elementor-widget elementor-widget-spacer\" data-id=\"c8e3634\" data-element_type=\"widget\" data-e-type=\"widget\" data-widget_type=\"spacer.default\">\n\t\t\t\t<div class=\"elementor-widget-container\">\n\t\t\t\t\t\t\t<div class=\"elementor-spacer\">\n\t\t\t<div class=\"elementor-spacer-inner\"><\/div>\n\t\t<\/div>\n\t\t\t\t\t\t<\/div>\n\t\t\t\t<\/div>\n\t\t\t\t\t<\/div>\n\t\t<\/div>\n\t\t\t\t\t<\/div>\n\t\t<\/section>\n\t\t\t\t<section class=\"elementor-section elementor-top-section elementor-element elementor-element-dad1c1e elementor-section-boxed elementor-section-height-default elementor-section-height-default sc_fly_static\" data-id=\"dad1c1e\" data-element_type=\"section\" data-e-type=\"section\" data-settings=\"{&quot;background_background&quot;:&quot;classic&quot;}\">\n\t\t\t\t\t\t<div class=\"elementor-container elementor-column-gap-extended\">\n\t\t\t\t\t<div class=\"elementor-column elementor-col-50 elementor-top-column elementor-element elementor-element-37ec5a0 sc_content_align_inherit sc_layouts_column_icons_position_left sc_fly_static\" data-id=\"37ec5a0\" data-element_type=\"column\" data-e-type=\"column\">\n\t\t\t<div class=\"elementor-widget-wrap elementor-element-populated\">\n\t\t\t\t\t\t<div class=\"elementor-element elementor-element-5057657 sc_fly_static elementor-widget elementor-widget-trx_sc_title\" data-id=\"5057657\" data-element_type=\"widget\" data-e-type=\"widget\" data-widget_type=\"trx_sc_title.default\">\n\t\t\t\t<div class=\"elementor-widget-container\">\n\t\t\t\t\t<div\t\tclass=\"sc_title sc_title_default\" ><span class=\"sc_item_subtitle sc_title_subtitle sc_item_subtitle_above sc_item_title_style_default\">Contactez-nous<\/span><h1 class=\"sc_item_title sc_title_title sc_item_title_style_default sc_item_title_tag\"\n\t\t\t><span class=\"sc_item_title_text\">Vous avez un projet ? Contactez-nous !<\/span><\/h1><\/div>\t\t\t\t<\/div>\n\t\t\t\t<\/div>\n\t\t\t\t<div class=\"elementor-element elementor-element-4ea1f45 sc_fly_static elementor-widget elementor-widget-spacer\" data-id=\"4ea1f45\" data-element_type=\"widget\" data-e-type=\"widget\" data-widget_type=\"spacer.default\">\n\t\t\t\t<div class=\"elementor-widget-container\">\n\t\t\t\t\t\t\t<div class=\"elementor-spacer\">\n\t\t\t<div class=\"elementor-spacer-inner\"><\/div>\n\t\t<\/div>\n\t\t\t\t\t\t<\/div>\n\t\t\t\t<\/div>\n\t\t\t\t<div class=\"elementor-element elementor-element-0a82802 sc_fly_static elementor-widget elementor-widget-text-editor\" data-id=\"0a82802\" data-element_type=\"widget\" data-e-type=\"widget\" data-widget_type=\"text-editor.default\">\n\t\t\t\t<div class=\"elementor-widget-container\">\n\t\t\t\t\t\t\t\t\tDe 1 \u00e0 plusieurs kilom\u00e8tres, simple ou complexe, b\u00e9n\u00e9ficiez de notre accompagnement pour mener \u00e0 r\u00e9usir votre projet.\nNous vous r\u00e9pondrons rapidement.\t\t\t\t\t\t\t\t<\/div>\n\t\t\t\t<\/div>\n\t\t\t\t<div class=\"elementor-element elementor-element-0964ba9 sc_height_small sc_fly_static elementor-widget elementor-widget-spacer\" data-id=\"0964ba9\" data-element_type=\"widget\" data-e-type=\"widget\" data-widget_type=\"spacer.default\">\n\t\t\t\t<div class=\"elementor-widget-container\">\n\t\t\t\t\t\t\t<div class=\"elementor-spacer\">\n\t\t\t<div class=\"elementor-spacer-inner\"><\/div>\n\t\t<\/div>\n\t\t\t\t\t\t<\/div>\n\t\t\t\t<\/div>\n\t\t\t\t<div class=\"elementor-element elementor-element-22690e4 scheme_default sc_fly_static elementor-widget elementor-widget-trx_sc_button\" data-id=\"22690e4\" data-element_type=\"widget\" data-e-type=\"widget\" data-widget_type=\"trx_sc_button.default\">\n\t\t\t\t<div class=\"elementor-widget-container\">\n\t\t\t\t\t<div\tclass=\"sc_item_button sc_button_wrap\" ><a href=\"mailto:info@medbeton.ma\" class=\"sc_button sc_button_simple button_bg_icon_color  sc_button_size_large sc_button_with_icon sc_button_icon_left color_style_dark\" ><span class=\"sc_button_icon\"><span class=\"icon-envelope-2\"><\/span><\/span><span class=\"sc_button_text\"><span class=\"sc_button_title\">info@medbeton.ma<\/span><\/span><\/a><\/div>\t\t\t\t<\/div>\n\t\t\t\t<\/div>\n\t\t\t\t\t<\/div>\n\t\t<\/div>\n\t\t\t\t<div class=\"elementor-column elementor-col-50 elementor-top-column elementor-element elementor-element-6608cc9 sc_content_align_inherit sc_layouts_column_icons_position_left sc_fly_static\" data-id=\"6608cc9\" data-element_type=\"column\" data-e-type=\"column\">\n\t\t\t<div class=\"elementor-widget-wrap elementor-element-populated\">\n\t\t\t\t\t\t<div class=\"elementor-element elementor-element-0de1dc6 no-title sc_fly_static elementor-widget elementor-widget-image\" data-id=\"0de1dc6\" data-element_type=\"widget\" data-e-type=\"widget\" data-widget_type=\"image.default\">\n\t\t\t\t<div class=\"elementor-widget-container\">\n\t\t\t\t\t\t\t\t\t\t\t\t\t\t\t<img decoding=\"async\" src=\"https:\/\/medbeton.ma\/site\/wp-content\/uploads\/elementor\/thumbs\/protfolio_3-2-qwye4o89tyndz26gr27uu0u1jdctcl75o0m91tr0cc.jpg\" title=\"protfolio_3-2\" alt=\"protfolio_3-2\" loading=\"lazy\" \/>\t\t\t\t\t\t\t\t\t\t\t\t\t\t\t<\/div>\n\t\t\t\t<\/div>\n\t\t\t\t\t<\/div>\n\t\t<\/div>\n\t\t\t\t\t<\/div>\n\t\t<\/section>\n\t\t\t\t<section class=\"elementor-section elementor-top-section elementor-element elementor-element-f938bef elementor-section-boxed elementor-section-height-default elementor-section-height-default sc_fly_static\" data-id=\"f938bef\" data-element_type=\"section\" data-e-type=\"section\" data-settings=\"{&quot;background_background&quot;:&quot;classic&quot;}\">\n\t\t\t\t\t\t<div class=\"elementor-container elementor-column-gap-extended\">\n\t\t\t\t\t<div class=\"elementor-column elementor-col-100 elementor-top-column elementor-element elementor-element-37b4025 sc_content_align_inherit sc_layouts_column_icons_position_left sc_fly_static\" data-id=\"37b4025\" data-element_type=\"column\" data-e-type=\"column\">\n\t\t\t<div class=\"elementor-widget-wrap elementor-element-populated\">\n\t\t\t\t\t\t<div class=\"elementor-element elementor-element-260db7d sc_fly_static elementor-widget elementor-widget-spacer\" data-id=\"260db7d\" data-element_type=\"widget\" data-e-type=\"widget\" data-widget_type=\"spacer.default\">\n\t\t\t\t<div class=\"elementor-widget-container\">\n\t\t\t\t\t\t\t<div class=\"elementor-spacer\">\n\t\t\t<div class=\"elementor-spacer-inner\"><\/div>\n\t\t<\/div>\n\t\t\t\t\t\t<\/div>\n\t\t\t\t<\/div>\n\t\t\t\t\t<\/div>\n\t\t<\/div>\n\t\t\t\t\t<\/div>\n\t\t<\/section>\n\t\t\t\t<\/div>\n\t\t","protected":false},"excerpt":{"rendered":"<p>Innovations Nos Produits la M\u00e9diterran\u00e9enne du B\u00e9ton produit et commercialise des tuyaux en b\u00e9ton arm\u00e9s pour les r\u00e9seaux d&rsquo;assainissement et \u00e9vacuation des eaux pluviales, des regards de visites ainsi que&hellip;<\/p>\n","protected":false},"author":1,"featured_media":0,"parent":0,"menu_order":0,"comment_status":"closed","ping_status":"closed","template":"","meta":{"footnotes":""},"class_list":["post-837","page","type-page","status-publish","hentry"],"_links":{"self":[{"href":"https:\/\/medbeton.ma\/site\/wp-json\/wp\/v2\/pages\/837","targetHints":{"allow":["GET"]}}],"collection":[{"href":"https:\/\/medbeton.ma\/site\/wp-json\/wp\/v2\/pages"}],"about":[{"href":"https:\/\/medbeton.ma\/site\/wp-json\/wp\/v2\/types\/page"}],"author":[{"embeddable":true,"href":"https:\/\/medbeton.ma\/site\/wp-json\/wp\/v2\/users\/1"}],"replies":[{"embeddable":true,"href":"https:\/\/medbeton.ma\/site\/wp-json\/wp\/v2\/comments?post=837"}],"version-history":[{"count":74,"href":"https:\/\/medbeton.ma\/site\/wp-json\/wp\/v2\/pages\/837\/revisions"}],"predecessor-version":[{"id":7287,"href":"https:\/\/medbeton.ma\/site\/wp-json\/wp\/v2\/pages\/837\/revisions\/7287"}],"wp:attachment":[{"href":"https:\/\/medbeton.ma\/site\/wp-json\/wp\/v2\/media?parent=837"}],"curies":[{"name":"wp","href":"https:\/\/api.w.org\/{rel}","templated":true}]}}